{"id":9308,"date":"2019-06-13T09:21:37","date_gmt":"2019-06-13T07:21:37","guid":{"rendered":"http:\/\/www.medskvz.org\/web\/?page_id=9308"},"modified":"2019-06-27T21:08:30","modified_gmt":"2019-06-27T19:08:30","slug":"natjecaji","status":"publish","type":"page","link":"https:\/\/www.medskvz.org\/web\/natjecaji\/","title":{"rendered":"Natje\u010daji"},"content":{"rendered":"\n<h2 style=\"text-align: center;\"><span style=\"color: #ff0000; background-color: #ffffff;\"><b>ERASMUS\u00a0+ SkillsUp &#8211; VA\u017dNA OBAVIJEST ZA U\u010cENIKE ODABRANE U NATJE\u010cAJU<\/b><\/span><\/h2>\n<p>\u00a0<\/p>\n<div><span style=\"font-family: arial, sans-serif;\">Molimo u\u010denike koji su u natje\u010daju prema bodovima ostvarili mogu\u0107nost odlaska na mobilnost u Sloveniju i Njema\u010dku da kontinuirano prate web stranice Medicinske \u0161kole Vara\u017edin u kartici Objave te Erasmus\u00a0+ &#8211;&gt; SkillsUp &#8211;&gt; Natje\u010daji.\u00a0<\/span><\/div>\n<div><b><span style=\"font-family: arial, sans-serif;\">\u00a0<\/span><\/b><\/div>\n<div><b><span style=\"font-family: arial, sans-serif;\"><span style=\"color: #ff0000;\">Termin odlaska na mobilnost u Sloveniju (Terme Topol\u0161ica) je od 16.7. do 5.8.<\/span>\u00a0te pozivamo u\u010denike u toj grupi da intenzivno prate nove informacije (vi\u0161e puta u jednom danu) na stranicama \u0161kole te svojim e-mail adresama.\u00a0<\/span><\/b><\/div>\n<div><span style=\"font-family: arial, sans-serif;\">\u00a0<\/span><\/div>\n<div><span style=\"font-family: arial, sans-serif;\">Molimo u\u010denike odabrane za\u00a0<b>Sloveniju<\/b>\u00a0kojima eventualno ne odgovara termin za Sloveniju ili su odustali od mobilnosti da se hitno jave Erasmus + koordinatorici Medicinske \u0160kole Vara\u017edin, Patriciji Jakopovi\u0107 na e-mail adresu:\u00a0<a href=\"mailto:patricija.jakopovic@gmail.com\" target=\"_blank\" rel=\"noopener noreferrer\">patricija.jakopovic@gmail.com<\/a><\/span><\/div>\n<div>\n<p><b>Pripremne radionice<\/b>\u00a0za u\u010denike koji odlaze u\u00a0<b>Sloveniju\u00a0<\/b>\u0107e se odr\u017eati po\u010detkom idu\u0107eg tjedna (ve\u0107 od 1.7.), a termini radionica \u0107e biti objavljeni u petak, 28.6.2019. godine. Pripremne radionice su obavezne za sve odabrane u\u010denike koji \u0107e i\u0107i u Sloveniju!<\/p>\n<span style=\"font-family: arial, sans-serif;\"><b><br \/><\/b><\/span><\/div>\n<div><span style=\"font-family: arial, sans-serif;\">\u00a0<\/span><\/div>\n<div><b><span style=\"color: #ff0000; font-family: arial, sans-serif;\">Termin odlaska na mobilnost u Njema\u010dku (Frankfurt) je u mjesecu velja\u010di 2020. godine.\u00a0<\/span><\/b><\/div>\n<div><span style=\"font-family: arial, sans-serif;\"><b>Pripremne radionice<\/b>\u00a0za u\u010denike koji odlaze u\u00a0<b>Njema\u010dku<\/b><b>\u00a0<\/b>\u0107e se odr\u017eati krajem 2019. godine, te ti u\u010denici sada nisu obavezni do\u0107i na pripremne radionice. Molimo u\u010denike u toj grupi da za sada samo povremeno prate\u00a0stranice \u0161kole te svoje e-mail adrese.\u00a0<\/span><\/div>\n<p>\u00a0<\/p>\n<p>\u00a0<\/p>\n<h2 style=\"text-align: center;\">***<\/h2>\n<h2 style=\"text-align: center;\"><b>REZULTATI NATJE\u010cAJA ZA ODABIR U\u010cENIKA I NASTAVNIKA ZA SUDJELOVANJE U PROJEKTU ERASMUS + SkillsUp<\/b><\/h2>\n<p>\u00a0<\/p>\n<p><img loading=\"lazy\" class=\"size-medium wp-image-9369 aligncenter colorbox-9308\" src=\"http:\/\/www.medskvz.org\/web\/wp-content\/uploads\/2019\/06\/lgo-1-194x300.jpg\" alt=\"\" width=\"194\" height=\"300\" srcset=\"https:\/\/www.medskvz.org\/web\/wp-content\/uploads\/2019\/06\/lgo-1-194x300.jpg 194w, https:\/\/www.medskvz.org\/web\/wp-content\/uploads\/2019\/06\/lgo-1.jpg 339w\" sizes=\"(max-width: 194px) 100vw, 194px\" \/><\/p>\n<p>\u00a0<\/p>\n<div>Objavljeni su rezultati Natje\u010daja za odabir u\u010denika i nastavnika koji \u0107e sudjelovati u mobilnosti u\u010denika u Sloveniju i Njema\u010dku.\u00a0<\/div>\n<div>Odabrani u\u010denici imaju obavezu javiti se \u0161kolskoj koordinatorici projekta na e-mail adresu:\u00a0<a href=\"mailto:patricija.jakopovic@gmail.com\" target=\"_blank\" rel=\"noopener noreferrer\">patricija.jakopovic@gmail.com<\/a>.<\/div>\n<h2>\u00a0<\/h2>\n<div><strong><a href=\"http:\/\/www.medskvz.org\/web\/wp-content\/uploads\/2019\/06\/Rezultati-natje%C4%8Daja-za-mobilnosti-ukupni-u-sklopu-projekta-SkillsUp-%E2%80%93-objava-pod-%C5%A1iframa-2018.19..docx\">Rezultati natje\u010daja za mobilnosti (ukupni) u sklopu projekta SkillsUp \u2013 objava pod \u0161iframa 2018.19.<\/a><\/strong><\/div>\n<div>\u00a0<\/div>\n<div>\u00a0<\/div>\n<div><strong><a href=\"http:\/\/www.medskvz.org\/web\/wp-content\/uploads\/2019\/06\/Pratnja-u%C4%8Denika_rezultati-natje%C4%8Daja.docx\">Pratnja u\u010denika_rezultati natje\u010daja<\/a><\/strong><\/div>\n<div>\u00a0<\/div>\n<div>\u00a0<\/div>\n<div><strong><a href=\"http:\/\/www.medskvz.org\/web\/wp-content\/uploads\/2019\/06\/Odr%C5%BEavanje-radionica_rezultati-natje%C4%8Daja.docx\">Odr\u017eavanje radionica_rezultati natje\u010daja<\/a><\/strong><\/div>\n<div>\u00a0<\/div>\n<h2>\u00a0<\/h2>\n<h2 style=\"text-align: center;\">***<\/h2>\n<h2 style=\"text-align: center;\"><strong>TESTIRANJE NJEMA\u010cKOG JEZIKA U SKLOPU NATJE\u010cAJA &#8211; SkillsUp<\/strong><\/h2>\n<p>\u00a0<\/p>\n<p>\u00a0<\/p>\n<p>Po<span style=\"color: #000000;\">zivamo sve u\u010denike koji se namjeravaju prijaviti na\u00a0<b>natje\u010daj\u00a0<\/b><b>za u\u010denike smjera medicinska sestra\/tehni\u010dar op\u0107e njege za mobilnost u Njema\u010dku (Frankfurt)<\/b>\u00a0da pristupe obaveznom testiranju njema\u010dkog jezika. Testiranje \u0107e imati pismeni i usmeni dio. Testiranje \u0107e se odr\u017eati<\/span> <span style=\"color: #ff0000;\"><strong>14.6. (petak) u 12:00 sati u u\u010dionici broj 9.\u00a0<\/strong><\/span><\/p>\n<h2>\u00a0<\/h2>\n<h2>\u00a0<\/h2>\n<h2 style=\"text-align: center;\">***<\/h2>\n<h2>\u00a0<\/h2>\n<h2><img loading=\"lazy\" class=\" wp-image-9317 aligncenter colorbox-9308\" src=\"http:\/\/www.medskvz.org\/web\/wp-content\/uploads\/2019\/06\/skils-178x300.jpg\" alt=\"\" width=\"222\" height=\"374\" srcset=\"https:\/\/www.medskvz.org\/web\/wp-content\/uploads\/2019\/06\/skils-178x300.jpg 178w, https:\/\/www.medskvz.org\/web\/wp-content\/uploads\/2019\/06\/skils.jpg 389w\" sizes=\"(max-width: 222px) 100vw, 222px\" \/><\/h2>\n<h2>\u00a0<\/h2>\n<h2><span style=\"color: #000000; font-family: arial, sans-serif;\"><strong>NATJE\u010cAJ ZA SUDJELOVANJE U PROJEKTU<\/strong>\u00a0\u00a0<\/span><\/h2>\n<div>\u00a0<\/div>\n<div>\n<div class=\"m_2400440093431900511gmail-clanak\">\n<p><span style=\"color: #000000; font-family: arial, sans-serif;\">U okviru provedbe projekta SkillsUp koji u programu Erasmus+ provodi konzorcij \u0161kola, Medicinska \u0161kola Vara\u017edin raspisuje natje\u010daj za stru\u010dnu praksu u\u010denika u Sloveniji (Terme Topol\u0161ica) u\u00a0trajanju 21 dan i dugoro\u010dne prakse u trajanju 5 mjeseci, u Njema\u010dkoj (Frankfurt) 22 dana, u pratnji nastavnika iz svoje \u0161kole. Dokumentacija za prijavu na natje\u010daj nalazi se u prilogu.<\/span><\/p>\n<p>\u00a0<\/p>\n<\/div>\n<p><strong><a href=\"http:\/\/www.medskvz.org\/web\/wp-content\/uploads\/2019\/06\/Osnovne-info-o-projektu.docx\">Osnovne info o projektu<\/a><\/strong><\/p>\n<p><strong><a href=\"http:\/\/www.medskvz.org\/web\/wp-content\/uploads\/2019\/06\/1.1.-Natje\u010daj-za-sudjelovanje-u-projektu.docx\">1.1. Natje\u010daj za sudjelovanje u projektu<\/a><\/strong><\/p>\n<p><strong><a href=\"http:\/\/www.medskvz.org\/web\/wp-content\/uploads\/2019\/06\/4.1.-Prijava-u\u010denika-za-sudjelovanje-Medicinske-sestre_tehni\u010dari.doc\">4.1. Prijava u\u010denika za sudjelovanje Medicinske sestre_tehni\u010dari<\/a> <\/strong><\/p>\n<p><strong><a href=\"http:\/\/www.medskvz.org\/web\/wp-content\/uploads\/2019\/06\/4.1.-Prijava-za-sudjelovanje-Fizioterapeuti.doc\">4.1. Prijava za sudjelovanje Fizioterapeuti<\/a> <\/strong><\/p>\n<p><strong><a href=\"http:\/\/www.medskvz.org\/web\/wp-content\/uploads\/2019\/06\/5.1.-Obveze-pratitelja.docx\">5.1. Obveze pratitelja<\/a> <\/strong><\/p>\n<p><strong><a href=\"http:\/\/www.medskvz.org\/web\/wp-content\/uploads\/2019\/06\/5.1.-Prijavni-obrazac-profesori-PRATNJA.docx\">5.1. Prijavni obrazac profesori PRATNJA<\/a> <\/strong><\/p>\n<p><strong><a href=\"http:\/\/www.medskvz.org\/web\/wp-content\/uploads\/2019\/06\/5.2.-Prijavni-obrazac-profesori-RADIONICE.docx\">5.2. Prijavni obrazac profesori RADIONICE<\/a> <\/strong><\/p>\n<p><strong><a href=\"http:\/\/www.medskvz.org\/web\/wp-content\/uploads\/2019\/06\/Vodi\u010d-za-praksu-kratke-upute.docx\">Vodi\u010d za praksu &#8211; kratke upute<\/a><\/strong><\/p>\n<p><strong><a href=\"https:\/\/drive.google.com\/open?id=15CxMDp1vkRv_mWC935yHe6r47G-ylmzq\" target=\"_blank\" rel=\"noopener\">SkillsUp-Uvodna radionica<\/a><\/strong><\/p>\n<p>\u00a0<\/p>\n<p>\u00a0<\/p>\n<p>\u00a0<\/p>\n<\/div>\n","protected":false},"excerpt":{"rendered":"<div class=\"slide-text-bg2\"><span>ERASMUS\u00a0+ SkillsUp &#8211; VA\u017dNA OBAVIJEST ZA U\u010cENIKE ODABRANE U NATJE\u010cAJU \u00a0 Molimo u\u010denike koji su u natje\u010daju prema bodovima ostvarili mogu\u0107nost <\/span><\/div>\n<div class=\"slide-btn-area-sm\"><a href=\"https:\/\/www.medskvz.org\/web\/natjecaji\/\" class=\"slide-btn-sm\">Pro\u010ditaj vi\u0161e<\/a><\/div>\n","protected":false},"author":11,"featured_media":0,"parent":0,"menu_order":0,"comment_status":"closed","ping_status":"closed","template":"","meta":[],"_links":{"self":[{"href":"https:\/\/www.medskvz.org\/web\/wp-json\/wp\/v2\/pages\/9308"}],"collection":[{"href":"https:\/\/www.medskvz.org\/web\/wp-json\/wp\/v2\/pages"}],"about":[{"href":"https:\/\/www.medskvz.org\/web\/wp-json\/wp\/v2\/types\/page"}],"author":[{"embeddable":true,"href":"https:\/\/www.medskvz.org\/web\/wp-json\/wp\/v2\/users\/11"}],"replies":[{"embeddable":true,"href":"https:\/\/www.medskvz.org\/web\/wp-json\/wp\/v2\/comments?post=9308"}],"version-history":[{"count":9,"href":"https:\/\/www.medskvz.org\/web\/wp-json\/wp\/v2\/pages\/9308\/revisions"}],"predecessor-version":[{"id":9378,"href":"https:\/\/www.medskvz.org\/web\/wp-json\/wp\/v2\/pages\/9308\/revisions\/9378"}],"wp:attachment":[{"href":"https:\/\/www.medskvz.org\/web\/wp-json\/wp\/v2\/media?parent=9308"}],"curies":[{"name":"wp","href":"https:\/\/api.w.org\/{rel}","templated":true}]}}

Natječaji

<h2 style="text-align: center;"><span style="color: #ff0000; background-color: #ffffff;"><b>ERASMUS + SkillsUp &#8211; VAŽNA OBAVIJEST ZA UČENIKE ODABRANE U NATJEČAJU</b></span></h2>
<p> </p>
<div><span style="font-family: arial, sans-serif;">Molimo učenike koji su u natječaju prema bodovima ostvarili mogućnost odlaska na mobilnost u Sloveniju i Njemačku da kontinuirano prate web stranice Medicinske škole Varaždin u kartici Objave te Erasmus + &#8211;&gt; SkillsUp &#8211;&gt; Natječaji. </span></div>
<div><b><span style="font-family: arial, sans-serif;"> </span></b></div>
<div><b><span style="font-family: arial, sans-serif;"><span style="color: #ff0000;">Termin odlaska na mobilnost u Sloveniju (Terme Topolšica) je od 16.7. do 5.8.</span> te pozivamo učenike u toj grupi da intenzivno prate nove informacije (više puta u jednom danu) na stranicama škole te svojim e-mail adresama. </span></b></div>
<div><span style="font-family: arial, sans-serif;"> </span></div>
<div><span style="font-family: arial, sans-serif;">Molimo učenike odabrane za <b>Sloveniju</b> kojima eventualno ne odgovara termin za Sloveniju ili su odustali od mobilnosti da se hitno jave Erasmus + koordinatorici Medicinske Škole Varaždin, Patriciji Jakopović na e-mail adresu: <a href="mailto:patricija.jakopovic@gmail.com" target="_blank" rel="noopener noreferrer">patricija.jakopovic@gmail.com</a></span></div>
<div>
<p><b>Pripremne radionice</b> za učenike koji odlaze u <b>Sloveniju </b>će se održati početkom idućeg tjedna (već od 1.7.), a termini radionica će biti objavljeni u petak, 28.6.2019. godine. Pripremne radionice su obavezne za sve odabrane učenike koji će ići u Sloveniju!</p>
<span style="font-family: arial, sans-serif;"><b><br /></b></span></div>
<div><span style="font-family: arial, sans-serif;"> </span></div>
<div><b><span style="color: #ff0000; font-family: arial, sans-serif;">Termin odlaska na mobilnost u Njemačku (Frankfurt) je u mjesecu veljači 2020. godine. </span></b></div>
<div><span style="font-family: arial, sans-serif;"><b>Pripremne radionice</b> za učenike koji odlaze u <b>Njemačku</b><b> </b>će se održati krajem 2019. godine, te ti učenici sada nisu obavezni doći na pripremne radionice. Molimo učenike u toj grupi da za sada samo povremeno prate stranice škole te svoje e-mail adrese. </span></div>
<p> </p>
<p> </p>
<h2 style="text-align: center;">***</h2>
<h2 style="text-align: center;"><b>REZULTATI NATJEČAJA ZA ODABIR UČENIKA I NASTAVNIKA ZA SUDJELOVANJE U PROJEKTU ERASMUS + SkillsUp</b></h2>
<p> </p>
<p><img loading="lazy" class="size-medium wp-image-9369 aligncenter colorbox-9308" src="http://www.medskvz.org/web/wp-content/uploads/2019/06/lgo-1-194x300.jpg" alt="" width="194" height="300" srcset="https://www.medskvz.org/web/wp-content/uploads/2019/06/lgo-1-194x300.jpg 194w, https://www.medskvz.org/web/wp-content/uploads/2019/06/lgo-1.jpg 339w" sizes="(max-width: 194px) 100vw, 194px" /></p>
<p> </p>
<div>Objavljeni su rezultati Natječaja za odabir učenika i nastavnika koji će sudjelovati u mobilnosti učenika u Sloveniju i Njemačku. </div>
<div>Odabrani učenici imaju obavezu javiti se školskoj koordinatorici projekta na e-mail adresu: <a href="mailto:patricija.jakopovic@gmail.com" target="_blank" rel="noopener noreferrer">patricija.jakopovic@gmail.com</a>.</div>
<h2> </h2>
<div><strong><a href="http://www.medskvz.org/web/wp-content/uploads/2019/06/Rezultati-natje%C4%8Daja-za-mobilnosti-ukupni-u-sklopu-projekta-SkillsUp-%E2%80%93-objava-pod-%C5%A1iframa-2018.19..docx">Rezultati natječaja za mobilnosti (ukupni) u sklopu projekta SkillsUp – objava pod šiframa 2018.19.</a></strong></div>
<div> </div>
<div> </div>
<div><strong><a href="http://www.medskvz.org/web/wp-content/uploads/2019/06/Pratnja-u%C4%8Denika_rezultati-natje%C4%8Daja.docx">Pratnja učenika_rezultati natječaja</a></strong></div>
<div> </div>
<div> </div>
<div><strong><a href="http://www.medskvz.org/web/wp-content/uploads/2019/06/Odr%C5%BEavanje-radionica_rezultati-natje%C4%8Daja.docx">Održavanje radionica_rezultati natječaja</a></strong></div>
<div> </div>
<h2> </h2>
<h2 style="text-align: center;">***</h2>
<h2 style="text-align: center;"><strong>TESTIRANJE NJEMAČKOG JEZIKA U SKLOPU NATJEČAJA &#8211; SkillsUp</strong></h2>
<p> </p>
<p> </p>
<p>Po<span style="color: #000000;">zivamo sve učenike koji se namjeravaju prijaviti na <b>natječaj </b><b>za učenike smjera medicinska sestra/tehničar opće njege za mobilnost u Njemačku (Frankfurt)</b> da pristupe obaveznom testiranju njemačkog jezika. Testiranje će imati pismeni i usmeni dio. Testiranje će se održati</span> <span style="color: #ff0000;"><strong>14.6. (petak) u 12:00 sati u učionici broj 9. </strong></span></p>
<h2> </h2>
<h2> </h2>
<h2 style="text-align: center;">***</h2>
<h2> </h2>
<h2><img loading="lazy" class=" wp-image-9317 aligncenter colorbox-9308" src="http://www.medskvz.org/web/wp-content/uploads/2019/06/skils-178x300.jpg" alt="" width="222" height="374" srcset="https://www.medskvz.org/web/wp-content/uploads/2019/06/skils-178x300.jpg 178w, https://www.medskvz.org/web/wp-content/uploads/2019/06/skils.jpg 389w" sizes="(max-width: 222px) 100vw, 222px" /></h2>
<h2> </h2>
<h2><span style="color: #000000; font-family: arial, sans-serif;"><strong>NATJEČAJ ZA SUDJELOVANJE U PROJEKTU</strong>  </span></h2>
<div> </div>
<div>
<div class="m_2400440093431900511gmail-clanak">
<p><span style="color: #000000; font-family: arial, sans-serif;">U okviru provedbe projekta SkillsUp koji u programu Erasmus+ provodi konzorcij škola, Medicinska škola Varaždin raspisuje natječaj za stručnu praksu učenika u Sloveniji (Terme Topolšica) u trajanju 21 dan i dugoročne prakse u trajanju 5 mjeseci, u Njemačkoj (Frankfurt) 22 dana, u pratnji nastavnika iz svoje škole. Dokumentacija za prijavu na natječaj nalazi se u prilogu.</span></p>
<p> </p>
</div>
<p><strong><a href="http://www.medskvz.org/web/wp-content/uploads/2019/06/Osnovne-info-o-projektu.docx">Osnovne info o projektu</a></strong></p>
<p><strong><a href="http://www.medskvz.org/web/wp-content/uploads/2019/06/1.1.-Natječaj-za-sudjelovanje-u-projektu.docx">1.1. Natječaj za sudjelovanje u projektu</a></strong></p>
<p><strong><a href="http://www.medskvz.org/web/wp-content/uploads/2019/06/4.1.-Prijava-učenika-za-sudjelovanje-Medicinske-sestre_tehničari.doc">4.1. Prijava učenika za sudjelovanje Medicinske sestre_tehničari</a> </strong></p>
<p><strong><a href="http://www.medskvz.org/web/wp-content/uploads/2019/06/4.1.-Prijava-za-sudjelovanje-Fizioterapeuti.doc">4.1. Prijava za sudjelovanje Fizioterapeuti</a> </strong></p>
<p><strong><a href="http://www.medskvz.org/web/wp-content/uploads/2019/06/5.1.-Obveze-pratitelja.docx">5.1. Obveze pratitelja</a> </strong></p>
<p><strong><a href="http://www.medskvz.org/web/wp-content/uploads/2019/06/5.1.-Prijavni-obrazac-profesori-PRATNJA.docx">5.1. Prijavni obrazac profesori PRATNJA</a> </strong></p>
<p><strong><a href="http://www.medskvz.org/web/wp-content/uploads/2019/06/5.2.-Prijavni-obrazac-profesori-RADIONICE.docx">5.2. Prijavni obrazac profesori RADIONICE</a> </strong></p>
<p><strong><a href="http://www.medskvz.org/web/wp-content/uploads/2019/06/Vodič-za-praksu-kratke-upute.docx">Vodič za praksu &#8211; kratke upute</a></strong></p>
<p><strong><a href="https://drive.google.com/open?id=15CxMDp1vkRv_mWC935yHe6r47G-ylmzq" target="_blank" rel="noopener">SkillsUp-Uvodna radionica</a></strong></p>
<p> </p>
<p> </p>
<p> </p>
</div>

<div class="slide-text-bg2"><span>ERASMUS + SkillsUp &#8211; VAŽNA OBAVIJEST ZA UČENIKE ODABRANE U NATJEČAJU   Molimo učenike koji su u natječaju prema bodovima ostvarili mogućnost </span></div>
<div class="slide-btn-area-sm"><a href="https://www.medskvz.org/web/natjecaji/" class="slide-btn-sm">Pročitaj više</a></div>
