{"id":5260,"date":"2015-10-21T09:25:32","date_gmt":"2015-10-21T07:25:32","guid":{"rendered":"http:\/\/www.medskvz.org\/web\/?page_id=5260"},"modified":"2025-12-16T15:14:23","modified_gmt":"2025-12-16T13:14:23","slug":"skolska-tijela-obavijesti","status":"publish","type":"page","link":"https:\/\/www.medskvz.org\/web\/skolska-tijela-obavijesti\/","title":{"rendered":"\u0160kolski odbor \u2013 sjednice"},"content":{"rendered":"<p>\u00a0<\/p>\n<p>\u00a0<\/p>\n<p><strong><a href=\"https:\/\/www.medskvz.org\/web\/wp-content\/uploads\/2025\/12\/Skraceni-zapisnik-s-15.-sjednice-Skolskog-odbora-31.10.2025..pdf\">Skra\u0107eni zapisnik s 15. sjednice \u0160kolskog odbora &#8211; 31.10.2025.<\/a> <\/strong><\/p>\n<p><strong><a href=\"https:\/\/www.medskvz.org\/web\/wp-content\/uploads\/2025\/12\/Skraceni-zapisnik-s-14.-sjednice-Skolskog-odbora-29.10.2025..pdf\">Skra\u0107eni zapisnik s 14. sjednice \u0160kolskog odbora &#8211; 29.10.2025.<\/a><\/strong><\/p>\n<p><strong><a href=\"https:\/\/www.medskvz.org\/web\/wp-content\/uploads\/2025\/10\/Skraceni-zapisnik-s-13.-sjednice-Skolskog-odbora-24.10.2025..pdf\">Skra\u0107eni zapisnik s 13. sjednice \u0160kolskog odbora &#8211; 24.10.2025.<\/a> <\/strong><\/p>\n<p><strong><a href=\"https:\/\/www.medskvz.org\/web\/wp-content\/uploads\/2025\/10\/Skraceni-zapisnik-s-12.-sjednice-Skolskog-odbora-07.10.2025..pdf\">Skra\u0107eni zapisnik s 12. sjednice \u0160kolskog odbora &#8211; 07.10.2025.<\/a> <\/strong><\/p>\n<p><strong><a href=\"https:\/\/www.medskvz.org\/web\/wp-content\/uploads\/2025\/10\/Skraceni-zapisnik-s-11.-sjednice-Skolskog-odbora-11.09.2025..pdf\">Skra\u0107eni zapisnik s 11. sjednice \u0160kolskog odbora &#8211; 11.09.2025.<\/a><\/strong><\/p>\n<p><strong><a href=\"https:\/\/www.medskvz.org\/web\/wp-content\/uploads\/2025\/09\/Skraceni-zapisnik-s-10.-sjednice-Skolskog-odbora-23.07.2025..pdf\">Skra\u0107eni zapisnik s 10. sjednice \u0160kolskog odbora &#8211; 23.07.2025.<\/a><\/strong><\/p>\n<p><strong><a href=\"https:\/\/www.medskvz.org\/web\/wp-content\/uploads\/2025\/09\/Skraceni-zapisnik-s-9.-sjednice-Skolskog-odbora-08.07.2025..pdf\">Skra\u0107eni zapisnik s 9. sjednice \u0160kolskog odbora &#8211; 08.07.2025.<\/a><\/strong><\/p>\n<p><strong><a href=\"https:\/\/www.medskvz.org\/web\/wp-content\/uploads\/2025\/07\/Skraceni-zapisnik-s-8.-sjednice-Skolskog-odbora-25.06.2025..pdf\">Skra\u0107eni zapisnik s 8. sjednice \u0160kolskog odbora &#8211; 25.06.2025.<\/a><\/strong><\/p>\n<p><strong><a href=\"https:\/\/www.medskvz.org\/web\/wp-content\/uploads\/2025\/07\/Skraceni-zapisnik-s-7.-sjednice-Skolskog-odbora-12.06.2025..pdf\">Skra\u0107eni zapisnik s 7. sjednice \u0160kolskog odbora &#8211; 12.06.2025.<\/a><\/strong><\/p>\n<p><strong><a href=\"https:\/\/www.medskvz.org\/web\/wp-content\/uploads\/2025\/06\/Skraceni-zapisnik-s-6.-sjednice-Skolskog-odbora-20.05.2025..pdf\">Skra\u0107eni zapisnik s 6. sjednice \u0160kolskog odbora &#8211; 20.05.2025.<\/a><\/strong><\/p>\n<p><strong><a href=\"https:\/\/www.medskvz.org\/web\/wp-content\/uploads\/2025\/05\/Skraceni-zapisnik-s-5.-sjednice-Skolskog-odbora-16.04.2025..pdf\">Skra\u0107eni zapisnik s 5. sjednice \u0160kolskog odbora &#8211; 16.04.2025.<\/a><\/strong><\/p>\n<p><strong><a href=\"https:\/\/www.medskvz.org\/web\/wp-content\/uploads\/2025\/05\/Skraceni-zapisnik-s-4.-sjednice-Skolskog-odbora-31.03.2025..pdf\">Skra\u0107eni zapisnik s 4. sjednice \u0160kolskog odbora &#8211; 31.03.2025.<\/a><\/strong><\/p>\n<p><strong><a href=\"https:\/\/www.medskvz.org\/web\/wp-content\/uploads\/2025\/04\/Skraceni-zapisnik-s-3.-sjednice-Skolskog-odbora-13.03.2025..pdf\">Skra\u0107eni zapisnik s 3. sjednice \u0160kolskog odbora &#8211; 13.03.2025.<\/a><\/strong><\/p>\n<p><strong><a href=\"https:\/\/www.medskvz.org\/web\/wp-content\/uploads\/2025\/04\/Skraceni-zapisnik-s-2.-sjednice-Skolskog-odbora-06.03.2025..pdf\">Skra\u0107eni zapisnik s 2. sjednice \u0160kolskog odbora &#8211; 06.03.2025.<\/a><\/strong><\/p>\n<p><strong><a href=\"https:\/\/www.medskvz.org\/web\/wp-content\/uploads\/2025\/02\/Izvjesce-o-konstituiranju-Skolskog-odbora-13.02.2025.pdf\">Izvje\u0161\u0107e o konstituiranju \u0160kolskog odbora, 13.02.2025<\/a><\/strong><\/p>\n<p><strong><a href=\"https:\/\/www.medskvz.org\/web\/wp-content\/uploads\/2024\/12\/Skraceni-zapisnik-sa-172.-sjednice-Skolskog-odbora-24.10.2024..pdf\">Skra\u0107eni zapisnik sa 172. sjednice \u0160kolskog odbora &#8211; 24.10.2024.<\/a><\/strong><\/p>\n<p><strong><a href=\"https:\/\/www.medskvz.org\/web\/wp-content\/uploads\/2024\/12\/Skraceni-zapisnik-sa-171.-sjednice-Skolskog-odbora-07.10.2024..pdf\">Skra\u0107eni zapisnik sa 171. sjednice \u0160kolskog odbora &#8211; 07.10.2024.<\/a><\/strong><\/p>\n<p><strong><a href=\"https:\/\/www.medskvz.org\/web\/wp-content\/uploads\/2024\/10\/Skraceni-zapisnik-sa-170.-sjednice-Skolskog-odbora-16.09.2024..pdf\">Skra\u0107eni zapisnik sa 170. sjednice \u0160kolskog odbora &#8211; 16.09.2024.<\/a><\/strong><\/p>\n<p><strong><a href=\"https:\/\/www.medskvz.org\/web\/wp-content\/uploads\/2024\/10\/Skraceni-zapisnik-sa-169.-sjednice-Skolskog-odbora-11.07.2024..pdf\">Skra\u0107eni zapisnik sa 169. sjednice \u0160kolskog odbora &#8211; 11.07.2024.<\/a><\/strong><\/p>\n<p><strong><a href=\"https:\/\/www.medskvz.org\/web\/wp-content\/uploads\/2024\/07\/Skraceni-zapisnik-sa-168.-sjednice-Skolskog-odbora-14.06.2024..pdf\">Skra\u0107eni zapisnik sa 168. sjednice \u0160kolskog odbora &#8211; 14.06.2024.<\/a><\/strong><\/p>\n<p><strong><a href=\"https:\/\/www.medskvz.org\/web\/wp-content\/uploads\/2024\/07\/Skraceni-zapisnik-sa-167.-sjednice-Skolskog-odbora-12.06.2024..pdf\">Skra\u0107eni zapisnik sa 167. sjednice \u0160kolskog odbora &#8211; 12.06.2024.<\/a><\/strong><\/p>\n<p><strong><a href=\"https:\/\/www.medskvz.org\/web\/wp-content\/uploads\/2024\/06\/Skraceni-zapisnik-s-166.-sjednice-Skolskog-odbora-28.05.2024..pdf\">Skra\u0107eni zapisnik s 166. sjednice \u0160kolskog odbora &#8211; 28.05.2024.<\/a><\/strong><\/p>\n<p><strong><a href=\"https:\/\/www.medskvz.org\/web\/wp-content\/uploads\/2024\/05\/Skraceni-zapisnik-s-165.-sjednice-Skolskog-odbora-28.03.2024..pdf\">Skra\u0107eni zapisnik s 165. sjednice \u0160kolskog odbora &#8211; 28.03.2024.<\/a><\/strong><\/p>\n<p><strong><a href=\"https:\/\/www.medskvz.org\/web\/wp-content\/uploads\/2024\/05\/Skraceni-zapisnik-s-164.-sjednice-Skolskog-odbora-11.03.2024..pdf\">Skra\u0107eni zapisnik s 164. sjednice \u0160kolskog odbora &#8211; 11.03.2024.<\/a><\/strong><\/p>\n<p><strong><a href=\"https:\/\/www.medskvz.org\/web\/wp-content\/uploads\/2024\/05\/Skraceni-zapisnik-s-163.-sjednice-Skolskog-odbora-28.02.2024..pdf\">Skra\u0107eni zapisnik s 163. sjednice \u0160kolskog odbora &#8211; 28.02.2024.<\/a><\/strong><\/p>\n<p><strong><a href=\"https:\/\/www.medskvz.org\/web\/wp-content\/uploads\/2024\/05\/Skraceni-zapisnik-s-162.-sjednice-Skolskog-odbora-14.02.2024..pdf\">Skra\u0107eni zapisnik s 162. sjednice \u0160kolskog odbora &#8211; 14.02.2024.<\/a><\/strong><\/p>\n<p><strong><a href=\"https:\/\/www.medskvz.org\/web\/wp-content\/uploads\/2024\/05\/Skraceni-zapisnik-s-161.-sjednice-Skolskog-odbora-25.01.2024..pdf\">Skra\u0107eni zapisnik s 161. sjednice \u0160kolskog odbora &#8211; 25.01.2024.<\/a><\/strong><\/p>\n<p><strong><a href=\"https:\/\/www.medskvz.org\/web\/wp-content\/uploads\/2024\/05\/Skraceni-zapisnik-s-160.-sjednice-Skolskog-odbora-28.12.2023..pdf\">Skra\u0107eni zapisnik s 160. sjednice \u0160kolskog odbora &#8211; 28.12.2023.<\/a><\/strong><\/p>\n<p><strong><a href=\"https:\/\/www.medskvz.org\/web\/wp-content\/uploads\/2024\/05\/Skraceni-zapisnik-s-159.-sjednice-Skolskog-odbora-27.12.2023..pdf\">Skra\u0107eni zapisnik s 159. sjednice \u0160kolskog odbora &#8211; 27.12.2023.<\/a><\/strong><\/p>\n<p><strong><a href=\"https:\/\/www.medskvz.org\/web\/wp-content\/uploads\/2024\/05\/Skraceni-zapisnik-s-158.-sjednice-Skolskog-odbora-18.12.2023..pdf\">Skra\u0107eni zapisnik s 158. sjednice \u0160kolskog odbora &#8211; 18.12.2023.<\/a><\/strong><\/p>\n<p><strong><a href=\"https:\/\/www.medskvz.org\/web\/wp-content\/uploads\/2024\/05\/Skraceni-zapisnik-s-157.-sjednice-Skolskog-odbora-14.12.2023..pdf\">Skra\u0107eni zapisnik s 157. sjednice \u0160kolskog odbora &#8211; 14.12.2023.<\/a><\/strong><\/p>\n<p><strong><a href=\"https:\/\/www.medskvz.org\/web\/wp-content\/uploads\/2024\/05\/Skraceni-zapisnik-s-156.-sjednice-Skolskog-odbora-04.12.2023..pdf\">Skra\u0107eni zapisnik s 156. sjednice \u0160kolskog odbora &#8211; 04.12.2023.<\/a><\/strong><\/p>\n<p><strong><a href=\"https:\/\/www.medskvz.org\/web\/wp-content\/uploads\/2024\/05\/Skraceni-zapisnik-s-155.-sjednice-Skolskog-odbora-02.11.2023..pdf\">Skra\u0107eni zapisnik s 155. sjednice \u0160kolskog odbora &#8211; 02.11.2023.<\/a><\/strong><\/p>\n<p><strong><a href=\"https:\/\/www.medskvz.org\/web\/wp-content\/uploads\/2024\/05\/Skraceni-zapisnik-s-154.-sjednice-Skolskog-odbora-26.10.2023..pdf\">Skra\u0107eni zapisnik s 154. sjednice \u0160kolskog odbora &#8211; 26.10.2023.<\/a><\/strong><\/p>\n<p><strong><a href=\"https:\/\/www.medskvz.org\/web\/wp-content\/uploads\/2024\/05\/Skraceni-zapisnik-s-153.-sjednice-Skolskog-odbora-17.10.2023..pdf\">Skra\u0107eni zapisnik s 153. sjednice \u0160kolskog odbora &#8211; 17.10.2023.<\/a><\/strong><\/p>\n<p><strong><a href=\"https:\/\/www.medskvz.org\/web\/wp-content\/uploads\/2024\/05\/Skraceni-zapisnik-s-152.-sjednice-Skolskog-odbora-29.09.2023..pdf\">Skra\u0107eni zapisnik s 152. sjednice \u0160kolskog odbora &#8211; 29.09.2023.<\/a><\/strong><\/p>\n<p><strong><a href=\"https:\/\/www.medskvz.org\/web\/wp-content\/uploads\/2024\/05\/Skraceni-zapisnik-s-151.-sjednice-Skolskog-odbora-24.08.2023..pdf\">Skra\u0107eni zapisnik s 151. sjednice \u0160kolskog odbora &#8211; 24.08.2023.<\/a><\/strong><\/p>\n<p><strong><a href=\"https:\/\/www.medskvz.org\/web\/wp-content\/uploads\/2023\/09\/Skraceni-zapisnik-s-150.-sjednice-Skolskog-odbora-01.08.2023.pdf\">Skra\u0107eni zapisnik s 150. sjednice \u0160kolskog odbora &#8211; 01.08.2023<\/a><\/strong><\/p>\n<p><strong><a href=\"https:\/\/www.medskvz.org\/web\/wp-content\/uploads\/2023\/09\/Skraceni-zapisnik-s-149.-sjednice-Skolskog-odbora-19.07.2023.pdf\">Skra\u0107eni zapisnik s 149. sjednice \u0160kolskog odbora &#8211; 19.07.2023<\/a><\/strong><\/p>\n<p><strong><a href=\"https:\/\/www.medskvz.org\/web\/wp-content\/uploads\/2023\/08\/Skraceni-zapisnik-s-148.-sjednice-Skolskog-odbora-11.07.2023.pdf\">Skra\u0107eni zapisnik s 148. sjednice \u0160kolskog odbora &#8211; 11.07.2023<\/a><\/strong><\/p>\n<p><strong><a href=\"https:\/\/www.medskvz.org\/web\/wp-content\/uploads\/2023\/07\/Skraceni-zapisnik-s-147.-sjednice-Skolskog-odbora-20.06.2023.pdf\">Skra\u0107eni zapisnik s 147. sjednice \u0160kolskog odbora &#8211; 20.06.2023<\/a><\/strong><\/p>\n<p><strong><a href=\"https:\/\/www.medskvz.org\/web\/wp-content\/uploads\/2024\/05\/Skraceni-zapisnik-s-146.-sjednice-Skolskog-odbora-01.06.2023..pdf\">Skra\u0107eni zapisnik s 146. sjednice \u0160kolskog odbora &#8211; 01.06.2023.<\/a><\/strong><\/p>\n<p><strong><a href=\"https:\/\/www.medskvz.org\/web\/wp-content\/uploads\/2023\/06\/Skraceni-zapisnik-s-145.-sjednice-Skolskog-odbora-26.04.2023..pdf\">Skra\u0107eni zapisnik s 145. sjednice \u0160kolskog odbora &#8211; 26.04.2023.<\/a><\/strong><\/p>\n<p><strong><a href=\"https:\/\/www.medskvz.org\/web\/wp-content\/uploads\/2023\/06\/Skraceni-zapisnik-s-144.-sjednice-Skolskog-odbora-19.04.2023..pdf\">Skra\u0107eni zapisnik s 144. sjednice \u0160kolskog odbora &#8211; 19.04.2023.<\/a><\/strong><\/p>\n<p><strong><a href=\"https:\/\/www.medskvz.org\/web\/wp-content\/uploads\/2023\/04\/Skraceni-zapisnik-s-143.-sjednice-Skolskog-odbora-15.03.2023.pdf\">Skra\u0107eni zapisnik s 143. sjednice \u0160kolskog odbora &#8211; 15.03.2023<\/a><\/strong><\/p>\n<p><strong><a href=\"https:\/\/www.medskvz.org\/web\/wp-content\/uploads\/2023\/03\/Skraceni-zapisnik-s-142.-sjednice-Skolskog-odbora-02.03.2023.pdf\">Skra\u0107eni zapisnik s 142. sjednice \u0160kolskog odbora &#8211; 02.03.2023<\/a><\/strong><\/p>\n<p><strong><a href=\"https:\/\/www.medskvz.org\/web\/wp-content\/uploads\/2023\/03\/Skraceni-zapisnik-s-141.-sjednice-Skolskog-odbora-16.01.2023.pdf\">Skra\u0107eni zapisnik s 141. sjednice \u0160kolskog odbora &#8211; 16.01.2023<\/a><\/strong><\/p>\n<p><strong><a href=\"https:\/\/www.medskvz.org\/web\/wp-content\/uploads\/2023\/01\/Skraceni-zapisnik-s-140.-sjednice-Skolskog-odbora-20.12.2022..pdf\">Skra\u0107eni zapisnik s 140. sjednice \u0160kolskog odbora &#8211; 20.12.2022.<\/a><\/strong><\/p>\n<p><strong><a href=\"https:\/\/www.medskvz.org\/web\/wp-content\/uploads\/2023\/02\/Skraceni-zapisnik-s-139.-sjednice-Skolskog-odbora-17.11.2022.pdf\">Skra\u0107eni zapisnik s 139. sjednice \u0160kolskog odbora &#8211; 17.11.2022<\/a><\/strong><\/p>\n<p><strong><a href=\"https:\/\/www.medskvz.org\/web\/wp-content\/uploads\/2023\/02\/Skraceni-zapisnik-s-138.-sjednice-Skolskog-odbora-06.10.2022.pdf\">Skra\u0107eni zapisnik s 138. sjednice \u0160kolskog odbora &#8211; 06.10.2022<\/a><\/strong><\/p>\n<p><strong><a href=\"https:\/\/www.medskvz.org\/web\/wp-content\/uploads\/2023\/02\/Skraceni-zapisnik-s-137.-sjednice-Skolskog-odbora-30.08.2022.pdf\">Skra\u0107eni zapisnik s 137. sjednice \u0160kolskog odbora &#8211; 30.08.2022<\/a><\/strong><\/p>\n<p><strong><a href=\"https:\/\/www.medskvz.org\/web\/wp-content\/uploads\/2023\/02\/Skraceni-zapisnik-s-136.-sjednice-Skolskog-odbora-14.07.2022.pdf\">Skra\u0107eni zapisnik s 136. sjednice \u0160kolskog odbora &#8211; 14.07.2022<\/a><\/strong><\/p>\n<p><strong><a href=\"https:\/\/www.medskvz.org\/web\/wp-content\/uploads\/2023\/02\/Skraceni-zapisnik-s-135.-sjednice-Skolskog-odbora-23.06.2022.pdf\">Skra\u0107eni zapisnik s 135. sjednice \u0160kolskog odbora &#8211; 23.06.2022<\/a><\/strong><\/p>\n<p><strong><a href=\"https:\/\/www.medskvz.org\/web\/wp-content\/uploads\/2023\/02\/Skraceni-zapisnik-s-134.-sjednice-Skolskog-odbora-03.06.2022..pdf\">Skra\u0107eni zapisnik s 134. sjednice \u0160kolskog odbora &#8211; 03.06.2022.<\/a><\/strong><\/p>\n<p><a href=\"https:\/\/www.medskvz.org\/web\/wp-content\/uploads\/2021\/02\/Izvjesce-s-konstituirajuce-sjednice-Skolskog-odbora-od-03.02.pdf\"><strong>Izvje\u0161\u0107e sa konstituiraju\u0107e sjednice \u0161kolskog odbora odr\u017eane 3. velja\u010de 2021.<\/strong><\/a><br \/><strong><a href=\"http:\/\/www.medskvz.org\/web\/wp-content\/uploads\/2020\/01\/Poziv.pdf\">Poziv<\/a><br \/><\/strong><strong><a href=\"http:\/\/www.medskvz.org\/web\/wp-content\/uploads\/2020\/01\/113.-sjednica-\u0160kolskog-odbora-odr\u017eana-24.01.2020.doc\" target=\"_blank\" rel=\"noopener noreferrer\">Zapisnik sa 113. sjednice \u0161kolskog odbora &#8211; 24.1.2020.<\/a><br \/><\/strong><strong><a href=\"http:\/\/www.medskvz.org\/web\/wp-content\/uploads\/2020\/01\/112.-sjednica-\u0160kolskog-odbora-odr\u017eana-27.12.2019.doc\" target=\"_blank\" rel=\"noopener noreferrer\">Zapisnik sa 112. sjednice \u0161kolskog odbora &#8211; 27.12.2019<\/a><br \/><\/strong><strong><a href=\"http:\/\/www.medskvz.org\/web\/wp-content\/uploads\/2019\/12\/Zapisnik-sa-111.-sjednice-\u0161kolskog-odbora-05.12.2019.doc\">Zapisnik sa 111. sjednice \u0161kolskog odbora &#8211; 05.12.2019<\/a><br \/><\/strong><strong><a href=\"http:\/\/www.medskvz.org\/web\/wp-content\/uploads\/2019\/10\/108.-sjednica-\u0160kolskog-odbora-odr\u017eana-16.09.2019.doc\">Zapisnik sa 108. sjednice \u0161kolskog odbora &#8211; 16.09.2019<\/a><br \/><\/strong><strong><a href=\"http:\/\/www.medskvz.org\/web\/wp-content\/uploads\/2019\/10\/107.-sjednica-\u0160kolskog-odbora-odr\u017eana-20.05.2019.doc\" target=\"_blank\" rel=\"noopener noreferrer\">Zapisnik sa 107. sjednice \u0161kolskog odbora &#8211; 20.05.2019<\/a><\/strong><\/p>\n\n","protected":false},"excerpt":{"rendered":"<div class=\"slide-text-bg2\"><span>\u00a0 \u00a0 Skra\u0107eni zapisnik s 15. sjednice \u0160kolskog odbora &#8211; 31.10.2025. Skra\u0107eni zapisnik s 14. sjednice \u0160kolskog odbora &#8211; 29.10.2025. Skra\u0107e<\/span><\/div>\n<div class=\"slide-btn-area-sm\"><a href=\"https:\/\/www.medskvz.org\/web\/skolska-tijela-obavijesti\/\" class=\"slide-btn-sm\">Pro\u010ditaj vi\u0161e<\/a><\/div>\n","protected":false},"author":12,"featured_media":0,"parent":0,"menu_order":0,"comment_status":"closed","ping_status":"open","template":"","meta":[],"_links":{"self":[{"href":"https:\/\/www.medskvz.org\/web\/wp-json\/wp\/v2\/pages\/5260"}],"collection":[{"href":"https:\/\/www.medskvz.org\/web\/wp-json\/wp\/v2\/pages"}],"about":[{"href":"https:\/\/www.medskvz.org\/web\/wp-json\/wp\/v2\/types\/page"}],"author":[{"embeddable":true,"href":"https:\/\/www.medskvz.org\/web\/wp-json\/wp\/v2\/users\/12"}],"replies":[{"embeddable":true,"href":"https:\/\/www.medskvz.org\/web\/wp-json\/wp\/v2\/comments?post=5260"}],"version-history":[{"count":64,"href":"https:\/\/www.medskvz.org\/web\/wp-json\/wp\/v2\/pages\/5260\/revisions"}],"predecessor-version":[{"id":18168,"href":"https:\/\/www.medskvz.org\/web\/wp-json\/wp\/v2\/pages\/5260\/revisions\/18168"}],"wp:attachment":[{"href":"https:\/\/www.medskvz.org\/web\/wp-json\/wp\/v2\/media?parent=5260"}],"curies":[{"name":"wp","href":"https:\/\/api.w.org\/{rel}","templated":true}]}}