{"id":374,"date":"2011-06-08T12:17:58","date_gmt":"2011-06-08T10:17:58","guid":{"rendered":"http:\/\/www.medskvz.org\/web\/?page_id=374"},"modified":"2026-05-06T11:25:26","modified_gmt":"2026-05-06T09:25:26","slug":"upisi-3","status":"publish","type":"page","link":"https:\/\/www.medskvz.org\/web\/upisi-3\/","title":{"rendered":"Upisi 2026.\/2027."},"content":{"rendered":"<p><img loading=\"lazy\" class=\"aligncenter wp-image-18691 size-full colorbox-374\" src=\"https:\/\/www.medskvz.org\/web\/wp-content\/uploads\/2026\/04\/NAslovnica.jpg\" alt=\"\" width=\"789\" height=\"626\" srcset=\"https:\/\/www.medskvz.org\/web\/wp-content\/uploads\/2026\/04\/NAslovnica.jpg 789w, https:\/\/www.medskvz.org\/web\/wp-content\/uploads\/2026\/04\/NAslovnica-300x238.jpg 300w, https:\/\/www.medskvz.org\/web\/wp-content\/uploads\/2026\/04\/NAslovnica-768x609.jpg 768w\" sizes=\"(max-width: 789px) 100vw, 789px\" \/><\/p>\n<h3 style=\"text-align: center;\"><strong>***<\/strong><\/h3>\n<h2 style=\"text-align: center;\"><span style=\"color: #ba0606;\"><strong><em>Za\u0161to se upisati u Medicinsku \u0161kolu Vara\u017edin?<\/em><\/strong><\/span><\/h2>\n<h3 style=\"text-align: center;\">***<\/h3>\n<h3 style=\"text-align: center;\"><strong>[<\/strong>\u00a0<strong><span style=\"color: #ff0000;\"> <a style=\"color: #ff0000;\" href=\"https:\/\/www.medskvz.org\/web\/wp-content\/uploads\/2026\/04\/Medicinska_skola_letak_2025-2026_pregledano.pdf\" target=\"_blank\" rel=\"noopener\">BRO\u0160URA MSKVZ\u00a0<\/a><\/span>]\u00a0<\/strong> \u00a0<strong> [\u00a0 <a href=\"https:\/\/www.medskvz.org\/web\/wp-content\/uploads\/2026\/04\/Brosura_OSS_2026-web.pdf\" target=\"_blank\" rel=\"noopener\"><span style=\"color: #ff0000;\">BRO\u0160URA SREDNJE \u0160KOLE<\/span>\u00a0<\/a><\/strong><strong>]\u00a0 <\/strong><strong>\u00a0<\/strong><\/h3>\n<hr \/>\n<p><span style=\"color: #333333;\">Dragi u\u010denici!<\/span><\/p>\n<p><span style=\"color: #000000;\">Nakon zavr\u0161etka osnovne \u0161kole donosite va\u017enu odluku o svojem daljnjem \u0161kolovanju, a ako se \u017eelite ostvariti kao zdravstveni djelatnici, Medicinska \u0161kola Vara\u017edin pravi je izbor za vas. \u0160kola ima dugogodi\u0161nju tradiciju u obrazovanju zdravstvenih djelatnika svih profila. Nakon zavr\u0161enog \u010detverogodi\u0161njeg ili petogodi\u0161njeg \u0161kolovanja (medicinske sestre\/tehni\u010dari) u\u010denici su vrlo kvalitetno pripremljeni za posao, ali i za nastavak \u0161kolovanja na sveu\u010dili\u0161noj ili veleu\u010dili\u0161noj razini. Tijekom obrazovanja u\u010denici osim strukovnih predmeta imaju organiziranu dodatnu nastavu iz svih obveznih predmeta koji se pola\u017eu na\u00a0 dr\u017eavnoj maturi. Osim toga, velika pa\u017enja poklanja se odgoju.<\/span><\/p>\n<h3 style=\"text-align: center;\">***<\/h3>\n<h3><a href=\"https:\/\/www.youtube.com\/watch?v=HFllhR7kymw\" target=\"_blank\" rel=\"noopener\"><img loading=\"lazy\" class=\"aligncenter wp-image-17513 colorbox-374\" src=\"https:\/\/www.medskvz.org\/web\/wp-content\/uploads\/2025\/06\/2143-300x163.jpg\" alt=\"\" width=\"802\" height=\"436\" srcset=\"https:\/\/www.medskvz.org\/web\/wp-content\/uploads\/2025\/06\/2143-300x163.jpg 300w, https:\/\/www.medskvz.org\/web\/wp-content\/uploads\/2025\/06\/2143-768x418.jpg 768w, https:\/\/www.medskvz.org\/web\/wp-content\/uploads\/2025\/06\/2143.jpg 947w\" sizes=\"(max-width: 802px) 100vw, 802px\" \/><\/a><\/h3>\n<p style=\"text-align: center;\">Poveznica: <strong><a href=\"https:\/\/www.youtube.com\/watch?v=HFllhR7kymw\" target=\"_blank\" rel=\"noopener\">https:\/\/www.youtube.com\/watch?v=HFllhR7kymw<\/a><\/strong><\/p>\n<h3><\/h3>\n<h3 style=\"text-align: center;\">***<\/h3>\n<hr \/>\n<h2 style=\"text-align: center;\">\u00a0<span style=\"color: #008080;\"><em>Koje programe nudimo?<\/em><\/span><\/h2>\n<h3 style=\"text-align: center;\">***<\/h3>\n<hr \/>\n<p><img loading=\"lazy\" class=\"aligncenter wp-image-18694 size-full colorbox-374\" src=\"https:\/\/www.medskvz.org\/web\/wp-content\/uploads\/2026\/04\/programi.jpg\" alt=\"\" width=\"1149\" height=\"293\" srcset=\"https:\/\/www.medskvz.org\/web\/wp-content\/uploads\/2026\/04\/programi.jpg 1149w, https:\/\/www.medskvz.org\/web\/wp-content\/uploads\/2026\/04\/programi-300x77.jpg 300w, https:\/\/www.medskvz.org\/web\/wp-content\/uploads\/2026\/04\/programi-1024x261.jpg 1024w, https:\/\/www.medskvz.org\/web\/wp-content\/uploads\/2026\/04\/programi-768x196.jpg 768w\" sizes=\"(max-width: 1149px) 100vw, 1149px\" \/><\/p>\n<h3 style=\"text-align: center;\">***<\/h3>\n<hr \/>\n<h4><span style=\"color: #ba0606;\"><em>Medicinska sestra op\u0107e njege \/ medicinski tehni\u010dar op\u0107e njege<\/em><\/span><\/h4>\n<p><img loading=\"lazy\" class=\"size-medium wp-image-16001 alignleft colorbox-374\" src=\"https:\/\/www.medskvz.org\/web\/wp-content\/uploads\/2024\/05\/m-300x205.png\" alt=\"\" width=\"300\" height=\"205\" srcset=\"https:\/\/www.medskvz.org\/web\/wp-content\/uploads\/2024\/05\/m-300x205.png 300w, https:\/\/www.medskvz.org\/web\/wp-content\/uploads\/2024\/05\/m.png 704w\" sizes=\"(max-width: 300px) 100vw, 300px\" \/>Danas je u Hrvatskoj medicinska sestra op\u0107e njege \/ medicinski tehni\u010dar op\u0107e njege temeljno zanimanje za podru\u010dje zdravstvene njege. Zdravstvena njega kao stru\u010dna disciplina, uz medicinu ili samostalno, ima va\u017enu ulogu u sustavu cjelokupne zdravstvene za\u0161tite. Obrazovanjem se postaje zdravstveni djelatnik sa samostalno\u0161\u0107u u radu u podru\u010dju zdravstvene njege. \u0160kolovanje za zanimanje medicinska sestra op\u0107e njege \/ medicinski tehni\u010dar op\u0107e njege traje 5 godina: dvije godine u op\u0107eobrazovnom programu, a tri godine u stru\u010dnom obrazovanju.<\/p>\n<p><strong>Opis poslova<\/strong><\/p>\n<ul>\n<li>provo\u0111enje op\u0107ih poslova u zdravstvenoj njezi i pripadaju\u0107ih medicinsko tehni\u010dkih zahvata<\/li>\n<li>suradnja s lije\u010dnikom pri mnogim dijagnosti\u010dkim i terapijskim zahvatima<\/li>\n<li>provo\u0111enje zdravstvenog odgoja, vo\u0111enje sestrinske dokumentacije<\/li>\n<li>pridr\u017eavanje pravila i\u00a0 unapre\u0111enje struke<\/li>\n<li>vo\u0111enje odre\u0111ene dokumentacije<\/li>\n<\/ul>\n<p>Odgovornost, osjetljivost za ljudske patnje, dobre komunikacijske vje\u0161tine, savjesnost \u2013 \u00a0sastavnice su u svakodnevnom radu zdravstvenih djelatnika.<\/p>\n<p style=\"text-align: center;\">***<\/p>\n<hr \/>\n<h4><em><span style=\"color: #008080;\">Fizioterapeutski tehni\u010dar \/ tehni\u010darka<\/span><\/em><\/h4>\n<p><img loading=\"lazy\" class=\"size-medium wp-image-18696 alignleft colorbox-374\" src=\"https:\/\/www.medskvz.org\/web\/wp-content\/uploads\/2026\/04\/efes-ai-generated-8936187-300x225.jpg\" alt=\"\" width=\"300\" height=\"225\" srcset=\"https:\/\/www.medskvz.org\/web\/wp-content\/uploads\/2026\/04\/efes-ai-generated-8936187-300x225.jpg 300w, https:\/\/www.medskvz.org\/web\/wp-content\/uploads\/2026\/04\/efes-ai-generated-8936187-1024x768.jpg 1024w, https:\/\/www.medskvz.org\/web\/wp-content\/uploads\/2026\/04\/efes-ai-generated-8936187-768x576.jpg 768w, https:\/\/www.medskvz.org\/web\/wp-content\/uploads\/2026\/04\/efes-ai-generated-8936187-1536x1152.jpg 1536w, https:\/\/www.medskvz.org\/web\/wp-content\/uploads\/2026\/04\/efes-ai-generated-8936187-2048x1536.jpg 2048w\" sizes=\"(max-width: 300px) 100vw, 300px\" \/>Fizioterapeutski tehni\u010dari rade na tri velika podru\u010dja fizikalne medicine, a to su kineziterapija, fizikalna terapija i masa\u017ea. U okviru kineziterapije (lije\u010denje pokretom), fizioterapeutski tehni\u010dar provodi s bolesnikom niz vje\u017ebi.<\/p>\n<p><strong>Radni uvjeti<\/strong><br \/>\nRadno su okru\u017eje fizioterapeutskog tehni\u010dara:<\/p>\n<ul>\n<li>dvorane za vje\u017ebanje (kineziterapijske dvorane)<\/li>\n<li>prostori za primjenu elektroterapije, ultrazvuka, infracrvenih<\/li>\n<li>i ultraljubi\u010dastih lampi<\/li>\n<li>prostori za primjenu blata (peloida) i parafina<\/li>\n<li>prostori za hidroterapiju (bazeni, kade, podvodna masa\u017ea)<\/li>\n<li>prostori za ru\u010dnu masa\u017eu<\/li>\n<\/ul>\n<p>Osim rada u specijalnim bolnicama za medicinsku rehabilitaciju i drugih zdravstvenih<br \/>\nustanova s organiziranom fizikalnom terapijom, fizioterapeutski tehni\u010dar mo\u017ee raditi u fitness-centrima, salonima za masa\u017eu, sportskim klubovima (\u0161to uklju\u010duje i rad na terenima), teretanama te u ku\u0107i bolesnika i drugih klijenata.<\/p>\n<p><strong>Po\u017eeljne osobine<\/strong><br \/>\nOd fizioterapeutskog tehni\u010dara o\u010dekuje se da je marljiva osoba, \u0161to prvo mora dokazati stjecanjem znanja i vje\u0161tina tijekom \u0161kolovanja. Nadalje je va\u017eno da ima sposobnost suosje\u0107anja s bolesnikom i iskrenu \u017eelju<br \/>\nda mu pomogne. Suosje\u0107anje ne smije biti sa\u017ealjenje, ve\u0107 sposobnost fizioterapeuta da se u\u017eivi u stanje bolesnika te da ga hrabri na putu oporavka, primjenjuju\u0107i usvojeno znanje i vje\u0161tine iz fizioterapeutske struke. Od fizi\u010dkih osobina va\u017ena je dobra mi\u0161i\u0107na snaga za provo\u0111enje vje\u017ebi s otporom, savladavanje mi\u0161i\u0107nih gr\u010deva, masa\u017eu, vje\u017ebe hoda s osobama koje nemaju dobru ravnote\u017eu itd.<\/p>\n<p style=\"text-align: center;\">***<\/p>\n<hr \/>\n<h4><span style=\"color: #ba0606;\"><em>Zdravstveno &#8211; laboratorisjkitehni\u010dar \/ tehni\u010darka<\/em><\/span><\/h4>\n<p><img loading=\"lazy\" class=\"size-medium wp-image-18697 alignleft colorbox-374\" src=\"https:\/\/www.medskvz.org\/web\/wp-content\/uploads\/2026\/04\/belova59-laboratory-3827738-300x200.jpg\" alt=\"\" width=\"300\" height=\"200\" srcset=\"https:\/\/www.medskvz.org\/web\/wp-content\/uploads\/2026\/04\/belova59-laboratory-3827738-300x200.jpg 300w, https:\/\/www.medskvz.org\/web\/wp-content\/uploads\/2026\/04\/belova59-laboratory-3827738-1024x683.jpg 1024w, https:\/\/www.medskvz.org\/web\/wp-content\/uploads\/2026\/04\/belova59-laboratory-3827738-768x512.jpg 768w, https:\/\/www.medskvz.org\/web\/wp-content\/uploads\/2026\/04\/belova59-laboratory-3827738-1536x1024.jpg 1536w, https:\/\/www.medskvz.org\/web\/wp-content\/uploads\/2026\/04\/belova59-laboratory-3827738-2048x1365.jpg 2048w\" sizes=\"(max-width: 300px) 100vw, 300px\" \/>Zdravstveno &#8211; laboratorijski tehni\u010dari provode analize krvi, mokra\u0107e i drugog biolo\u0161kog materijala, \u0161to poma\u017ee lije\u010dnicima u otkrivanju i lije\u010denju bolesti. U svom radu sve \u010de\u0161\u0107e upotrebljavaju kompjutorizirane aparate koji mogu sami napraviti brojne analize. Njihov posao uklju\u010duje uzimanje uzoraka, npr. va\u0111enje krvi i pravilno preuzimanje uzoraka, Ve\u0107inu uzoraka prije analize moraju obraditi.<\/p>\n<p><strong>Radni uvjeti i po\u017eeljne osobine<\/strong><\/p>\n<p>Zdravstveno -laboratorijski tehni\u010dari rade u raznim laboratorijima u zdravstvenim ustanovama &#8211; bolnicama, klinikama, domovima zdravlja, zavodima i institutima ili u privatnoj praksi. Rade s biolo\u0161kim materijalom, \u0161to podrazumijeva mogu\u0107nost zaraze. Stoga je va\u017eno da pravilno postupaju s uzorcima<br \/>\ni primjenjuju mjere za\u0161tite na radu. Moraju imati razvijen osje\u0107aj za detalje, jer i male razlike u broju nekih stanica ili kemijskom sastavu uzorka mogu biti vrlo va\u017ene. U njihovu radu o\u010dekuje se visok stupanj savjesnosti, 34 odgovornosti i sabranosti. Propusti u smislu neto\u010dnih rezultata ili zamjene nalaza mogu<br \/>\nimati ozbiljne posljedice. Rukovanje iglama, epruvetama, pipetama, stakalcima i drugim predmetima zahtijeva precizan i siguran rad rukama, \u0161akama i prstima.<\/p>\n<p style=\"text-align: center;\">***<\/p>\n<hr \/>\n<h2 style=\"text-align: center;\"><em><span style=\"color: #a80707;\">Upisne bro\u0161ure i ostali dokumenti<\/span><\/em><\/h2>\n<hr \/>\n<p style=\"text-align: center;\">***<\/p>\n<table style=\"border-collapse: collapse; width: 100%;\">\n<tbody>\n<tr>\n<td style=\"width: 100%; background-color: #a30a0a;\"><\/td>\n<\/tr>\n<\/tbody>\n<\/table>\n<hr \/>\n<table style=\"width: 100%; border-collapse: collapse; border-color: #f5f0f0; background-color: #c40808;\">\n<tbody>\n<tr>\n<td style=\"width: 32.2619%; text-align: center;\">\n<h4><span style=\"color: #ffffff;\"><a style=\"color: #ffffff;\" href=\"https:\/\/www.medskvz.org\/web\/wp-content\/uploads\/2026\/04\/Medicinska_skola_letak_2025-2026_pregledano.pdf\" target=\"_blank\" rel=\"noopener\">MEDICINSKA \u0160KOLA VARA\u017dDIN<\/a><\/span><\/h4>\n<\/td>\n<td style=\"width: 37.1428%; text-align: center;\">\n<h4><a href=\"https:\/\/www.medskvz.org\/web\/pravilnici-i-dokumenti-za-upis\/\"><strong><span style=\"color: #ffffff;\">PRAVILNICI I DOKUMENTI<\/span><\/strong><\/a><\/h4>\n<\/td>\n<td style=\"width: 30.5953%; text-align: center;\">\n<h4><span style=\"color: #ffffff;\"><a style=\"color: #ffffff;\" href=\"https:\/\/www.medskvz.org\/web\/wp-content\/uploads\/2026\/04\/Brosura_OSS_2026-web.pdf\" target=\"_blank\" rel=\"noopener\">BRO\u0160URA SREDNJE \u0160KOLE\u00a0<\/a><\/span><\/h4>\n<\/td>\n<\/tr>\n<\/tbody>\n<\/table>\n<hr \/>\n<p style=\"text-align: center;\">***<\/p>\n<hr \/>\n<p><img loading=\"lazy\" class=\" wp-image-16010 aligncenter colorbox-374\" src=\"https:\/\/www.medskvz.org\/web\/wp-content\/uploads\/2024\/05\/podnozje-300x48.jpg\" alt=\"\" width=\"838\" height=\"134\" srcset=\"https:\/\/www.medskvz.org\/web\/wp-content\/uploads\/2024\/05\/podnozje-300x48.jpg 300w, https:\/\/www.medskvz.org\/web\/wp-content\/uploads\/2024\/05\/podnozje-768x124.jpg 768w, https:\/\/www.medskvz.org\/web\/wp-content\/uploads\/2024\/05\/podnozje.jpg 864w\" sizes=\"(max-width: 838px) 100vw, 838px\" \/><\/p>\n","protected":false},"excerpt":{"rendered":"<div class=\"slide-text-bg2\"><span>*** Za\u0161to se upisati u Medicinsku \u0161kolu Vara\u017edin? *** \u00a0 \u00a0 \u00a0 \u00a0 Dragi u\u010denici! Nakon zavr\u0161etka osnovne \u0161kole donosite va\u017enu odluku o svojem daljnj<\/span><\/div>\n<div class=\"slide-btn-area-sm\"><a href=\"https:\/\/www.medskvz.org\/web\/upisi-3\/\" class=\"slide-btn-sm\">Pro\u010ditaj vi\u0161e<\/a><\/div>\n","protected":false},"author":12,"featured_media":0,"parent":0,"menu_order":0,"comment_status":"closed","ping_status":"closed","template":"","meta":[],"_links":{"self":[{"href":"https:\/\/www.medskvz.org\/web\/wp-json\/wp\/v2\/pages\/374"}],"collection":[{"href":"https:\/\/www.medskvz.org\/web\/wp-json\/wp\/v2\/pages"}],"about":[{"href":"https:\/\/www.medskvz.org\/web\/wp-json\/wp\/v2\/types\/page"}],"author":[{"embeddable":true,"href":"https:\/\/www.medskvz.org\/web\/wp-json\/wp\/v2\/users\/12"}],"replies":[{"embeddable":true,"href":"https:\/\/www.medskvz.org\/web\/wp-json\/wp\/v2\/comments?post=374"}],"version-history":[{"count":90,"href":"https:\/\/www.medskvz.org\/web\/wp-json\/wp\/v2\/pages\/374\/revisions"}],"predecessor-version":[{"id":18870,"href":"https:\/\/www.medskvz.org\/web\/wp-json\/wp\/v2\/pages\/374\/revisions\/18870"}],"wp:attachment":[{"href":"https:\/\/www.medskvz.org\/web\/wp-json\/wp\/v2\/media?parent=374"}],"curies":[{"name":"wp","href":"https:\/\/api.w.org\/{rel}","templated":true}]}}