{"id":331,"date":"2012-01-25T12:08:35","date_gmt":"2012-01-25T10:08:35","guid":{"rendered":"http:\/\/www.medskvz.org\/web\/?page_id=331"},"modified":"2019-04-17T14:53:49","modified_gmt":"2019-04-17T12:53:49","slug":"vremenik-pisanih-zadaca","status":"publish","type":"page","link":"https:\/\/www.medskvz.org\/web\/nastava-3\/vremenik-pisanih-zadaca\/","title":{"rendered":"Vremenik pisanih zada\u0107a"},"content":{"rendered":"<p><a href=\"http:\/\/www.medskvz.org\/web\/wp-content\/uploads\/2019\/04\/Vremenik-SVIBANJ-2019..pdf\">Svibanj 2019.<\/a><\/p>\n<p><a href=\"http:\/\/www.medskvz.org\/web\/wp-content\/uploads\/2019\/03\/Vremenik-TRAVANJ-2019..pdf\">Travanj 2019.<\/a><\/p>\n<p><a href=\"http:\/\/www.medskvz.org\/web\/wp-content\/uploads\/2019\/02\/Vremenik-O\u017dUJAK-2019.pdf\">O\u017eujak 2019.<\/a><\/p>\n<p><a href=\"http:\/\/www.medskvz.org\/web\/wp-content\/uploads\/2012\/01\/Vremenik-VELJA\u010cA-2019.pdf\">Velja\u010da 2019.<\/a><\/p>\n<p><a href=\"http:\/\/www.medskvz.org\/web\/wp-content\/uploads\/2012\/01\/Sije\u010danj-2019..pdf\">Sije\u010danj 2019.<\/a><\/p>\n<p><a href=\"http:\/\/www.medskvz.org\/web\/wp-content\/uploads\/2012\/01\/Prosinac-2018.pdf\">Prosinac 2018<\/a>.<\/p>\n<p><a href=\"http:\/\/www.medskvz.org\/web\/wp-content\/uploads\/2012\/01\/Vremenik-STUDENI-2018.pdf\">Studeni 2018.<\/a><\/p>\n<p><a href=\"http:\/\/www.medskvz.org\/web\/wp-content\/uploads\/2012\/01\/Vremenik-LISTOPAD-2018..pdf\">Listopad 2018.<\/a><\/p>\n<p><a href=\"http:\/\/www.medskvz.org\/web\/wp-content\/uploads\/2012\/01\/Vremenik-RUJAN-2018..pdf\">Rujan\u00a02018.<\/a><\/p>\n","protected":false},"excerpt":{"rendered":"<div class=\"slide-text-bg2\"><span>Svibanj 2019. Travanj 2019. O\u017eujak 2019. Velja\u010da 2019. Sije\u010danj 2019. Prosinac 2018. Studeni 2018. Listopad 2018. Rujan\u00a02018.<\/span><\/div>\n","protected":false},"author":12,"featured_media":0,"parent":319,"menu_order":0,"comment_status":"closed","ping_status":"closed","template":"","meta":[],"_links":{"self":[{"href":"https:\/\/www.medskvz.org\/web\/wp-json\/wp\/v2\/pages\/331"}],"collection":[{"href":"https:\/\/www.medskvz.org\/web\/wp-json\/wp\/v2\/pages"}],"about":[{"href":"https:\/\/www.medskvz.org\/web\/wp-json\/wp\/v2\/types\/page"}],"author":[{"embeddable":true,"href":"https:\/\/www.medskvz.org\/web\/wp-json\/wp\/v2\/users\/12"}],"replies":[{"embeddable":true,"href":"https:\/\/www.medskvz.org\/web\/wp-json\/wp\/v2\/comments?post=331"}],"version-history":[{"count":211,"href":"https:\/\/www.medskvz.org\/web\/wp-json\/wp\/v2\/pages\/331\/revisions"}],"predecessor-version":[{"id":9119,"href":"https:\/\/www.medskvz.org\/web\/wp-json\/wp\/v2\/pages\/331\/revisions\/9119"}],"up":[{"embeddable":true,"href":"https:\/\/www.medskvz.org\/web\/wp-json\/wp\/v2\/pages\/319"}],"wp:attachment":[{"href":"https:\/\/www.medskvz.org\/web\/wp-json\/wp\/v2\/media?parent=331"}],"curies":[{"name":"wp","href":"https:\/\/api.w.org\/{rel}","templated":true}]}}