{"id":3090,"date":"2013-10-21T08:43:38","date_gmt":"2013-10-21T06:43:38","guid":{"rendered":"http:\/\/www.medskvz.org\/web\/?page_id=3090"},"modified":"2014-05-08T12:27:02","modified_gmt":"2014-05-08T10:27:02","slug":"gradanski-odgoj","status":"publish","type":"page","link":"https:\/\/www.medskvz.org\/web\/gradanski-odgoj\/","title":{"rendered":"Gra\u0111anski odgoj"},"content":{"rendered":"<p>Ovdje mo\u017eete preuzeti materijale iz predmeta Gra\u0111anski odgoj.<\/p>\n<p>&nbsp;<\/p>\n<p><strong><a href=\"http:\/\/www.medskvz.org\/web\/wp-content\/uploads\/2013\/10\/Tro\u0161kovi-ku\u0107anstva.pptx\">Tro&scaron;kovi ku\u0107anstva<\/a><\/strong><\/p>\n<p><a href=\"http:\/\/www.medskvz.org\/web\/wp-content\/uploads\/2013\/10\/Analiza-sadr\u017eaja-1.pptx\" style=\"font-size: 13px;\"><b>Analiza sadr\u017eaja<\/b><\/a><\/p>\n<p><a href=\"http:\/\/www.medskvz.org\/web\/wp-content\/uploads\/2013\/10\/Odre\u0111ivanje-zajedni\u010dkog-dobra.pptx\"><b>Odre\u0111ivanje zajedni\u010dkog dobra<\/b><\/a><\/p>\n<p><a href=\"http:\/\/www.medskvz.org\/web\/wp-content\/uploads\/2013\/10\/Pomirenje-zajedni\u010dkog-dobra-i-pojedina\u010dnog-interesa-GO.pptx\"><b>Pomirenje zajedni\u010dkog dobra i pojedina\u010dnog interesa<\/b><\/a><\/p>\n<p><a href=\"http:\/\/www.medskvz.org\/web\/wp-content\/uploads\/2013\/10\/Kako-birati-ljude-na-polo\u017eaje-vlasti.pptx\"><b>Kako birati ljude na polo\u017eaje vlasti<\/b><\/a><\/p>\n<p>&nbsp;<\/p>\n","protected":false},"excerpt":{"rendered":"<div class=\"slide-text-bg2\"><span>Ovdje mo\u017eete preuzeti materijale iz predmeta Gra\u0111anski odgoj. &nbsp; Tro&scaron;kovi ku\u0107anstva Analiza sadr\u017eaja Odre\u0111ivanje zajedni\u010dkog dobra Pomiren<\/span><\/div>\n<div class=\"slide-btn-area-sm\"><a href=\"https:\/\/www.medskvz.org\/web\/gradanski-odgoj\/\" class=\"slide-btn-sm\">Pro\u010ditaj vi\u0161e<\/a><\/div>\n","protected":false},"author":12,"featured_media":0,"parent":0,"menu_order":0,"comment_status":"closed","ping_status":"open","template":"","meta":[],"_links":{"self":[{"href":"https:\/\/www.medskvz.org\/web\/wp-json\/wp\/v2\/pages\/3090"}],"collection":[{"href":"https:\/\/www.medskvz.org\/web\/wp-json\/wp\/v2\/pages"}],"about":[{"href":"https:\/\/www.medskvz.org\/web\/wp-json\/wp\/v2\/types\/page"}],"author":[{"embeddable":true,"href":"https:\/\/www.medskvz.org\/web\/wp-json\/wp\/v2\/users\/12"}],"replies":[{"embeddable":true,"href":"https:\/\/www.medskvz.org\/web\/wp-json\/wp\/v2\/comments?post=3090"}],"version-history":[{"count":8,"href":"https:\/\/www.medskvz.org\/web\/wp-json\/wp\/v2\/pages\/3090\/revisions"}],"predecessor-version":[{"id":3093,"href":"https:\/\/www.medskvz.org\/web\/wp-json\/wp\/v2\/pages\/3090\/revisions\/3093"}],"wp:attachment":[{"href":"https:\/\/www.medskvz.org\/web\/wp-json\/wp\/v2\/media?parent=3090"}],"curies":[{"name":"wp","href":"https:\/\/api.w.org\/{rel}","templated":true}]}}