{"id":15904,"date":"2024-05-07T10:16:09","date_gmt":"2024-05-07T08:16:09","guid":{"rendered":"https:\/\/www.medskvz.org\/web\/?page_id=15904"},"modified":"2025-06-12T13:36:45","modified_gmt":"2025-06-12T11:36:45","slug":"skolska-lijecnica","status":"publish","type":"page","link":"https:\/\/www.medskvz.org\/web\/skolska-lijecnica\/","title":{"rendered":"\u0160kolska lije\u010dnica\u00a0"},"content":{"rendered":"\n<p style=\"font-weight: 400;\"><strong>Sanja Vincekovi\u0107, bacc. med. techn.<\/strong><\/p>\n<p style=\"font-weight: 400;\">Predstavnik za kvalitetu Djelatnosti \u0161kolske i adolescentne medicine<\/p>\n<p style=\"font-weight: 400;\">Zavod za javno zdravstvo Vara\u017edinske \u017eupanije<\/p>\n<p style=\"font-weight: 400;\">Ivana Me\u0161trovi\u0107a 1\/11<\/p>\n<p style=\"font-weight: 400;\">Tel: 042\/398-531<\/p>\n<p style=\"font-weight: 400;\">Mail:\u00a0<a href=\"mailto:sanja.vincekovic@zzjzzv.hr\">sanja.vincekovic@zzjzzv.hr<\/a><\/p>\n","protected":false},"excerpt":{"rendered":"<div class=\"slide-text-bg2\"><span>Sanja Vincekovi\u0107, bacc. med. techn. Predstavnik za kvalitetu Djelatnosti \u0161kolske i adolescentne medicine Zavod za javno zdravstvo Vara\u017edinske \u017eupanije <\/span><\/div>\n<div class=\"slide-btn-area-sm\"><a href=\"https:\/\/www.medskvz.org\/web\/skolska-lijecnica\/\" class=\"slide-btn-sm\">Pro\u010ditaj vi\u0161e<\/a><\/div>\n","protected":false},"author":11,"featured_media":0,"parent":0,"menu_order":0,"comment_status":"closed","ping_status":"closed","template":"","meta":[],"_links":{"self":[{"href":"https:\/\/www.medskvz.org\/web\/wp-json\/wp\/v2\/pages\/15904"}],"collection":[{"href":"https:\/\/www.medskvz.org\/web\/wp-json\/wp\/v2\/pages"}],"about":[{"href":"https:\/\/www.medskvz.org\/web\/wp-json\/wp\/v2\/types\/page"}],"author":[{"embeddable":true,"href":"https:\/\/www.medskvz.org\/web\/wp-json\/wp\/v2\/users\/11"}],"replies":[{"embeddable":true,"href":"https:\/\/www.medskvz.org\/web\/wp-json\/wp\/v2\/comments?post=15904"}],"version-history":[{"count":2,"href":"https:\/\/www.medskvz.org\/web\/wp-json\/wp\/v2\/pages\/15904\/revisions"}],"predecessor-version":[{"id":17554,"href":"https:\/\/www.medskvz.org\/web\/wp-json\/wp\/v2\/pages\/15904\/revisions\/17554"}],"wp:attachment":[{"href":"https:\/\/www.medskvz.org\/web\/wp-json\/wp\/v2\/media?parent=15904"}],"curies":[{"name":"wp","href":"https:\/\/api.w.org\/{rel}","templated":true}]}}