{"id":11660,"date":"2021-03-02T19:48:52","date_gmt":"2021-03-02T17:48:52","guid":{"rendered":"https:\/\/www.medskvz.org\/web\/?page_id=11660"},"modified":"2021-03-26T14:49:25","modified_gmt":"2021-03-26T12:49:25","slug":"lidrano-2021","status":"publish","type":"page","link":"https:\/\/www.medskvz.org\/web\/lidrano-2021\/","title":{"rendered":"LiDraNo 2021"},"content":{"rendered":"\n<p><strong><a href=\"https:\/\/www.medskvz.org\/web\/wp-content\/uploads\/2021\/03\/LiDraNo-2021.-plakat.pdf\">Plakat<\/a><br \/><\/strong><strong><a href=\"https:\/\/www.medskvz.org\/web\/wp-content\/uploads\/2021\/03\/LiDraNo-2021.-program.pdf\">Program<\/a><br \/><a href=\"https:\/\/www.medskvz.org\/web\/wp-content\/uploads\/2021\/03\/LiDraNo-2021.-raspored.pdf\">Raspored proba<\/a><\/strong><\/p>\n<p><strong><a href=\"https:\/\/www.medskvz.org\/web\/wp-content\/uploads\/2021\/03\/LiDraNo-2021.-izvjesce.pdf\">Izvje\u0161\u0107e<\/a><\/strong><br \/><strong><a href=\"https:\/\/www.medskvz.org\/web\/wp-content\/uploads\/2021\/03\/LiDraNo-2021.-rezultati.pdf\">Rezultati<\/a><\/strong><\/p>\n<p><a href=\"https:\/\/www.medskvz.org\/web\/2021\/03\/uspjeh-nasih-ucenika-na-zupanijskoj-smotri-lidrano\/\"><strong>Uspjeh u\u010denika Medicinske \u0161kole Vara\u017edin na \u017eupanijskoj smotri<\/strong> <strong>LiDraNO<\/strong><\/a><\/p>\n","protected":false},"excerpt":{"rendered":"<div class=\"slide-text-bg2\"><span>PlakatProgramRaspored proba Izvje\u0161\u0107eRezultati Uspjeh u\u010denika Medicinske \u0161kole Vara\u017edin na \u017eupanijskoj smotri LiDraNO<\/span><\/div>\n","protected":false},"author":12,"featured_media":0,"parent":0,"menu_order":0,"comment_status":"closed","ping_status":"closed","template":"","meta":[],"_links":{"self":[{"href":"https:\/\/www.medskvz.org\/web\/wp-json\/wp\/v2\/pages\/11660"}],"collection":[{"href":"https:\/\/www.medskvz.org\/web\/wp-json\/wp\/v2\/pages"}],"about":[{"href":"https:\/\/www.medskvz.org\/web\/wp-json\/wp\/v2\/types\/page"}],"author":[{"embeddable":true,"href":"https:\/\/www.medskvz.org\/web\/wp-json\/wp\/v2\/users\/12"}],"replies":[{"embeddable":true,"href":"https:\/\/www.medskvz.org\/web\/wp-json\/wp\/v2\/comments?post=11660"}],"version-history":[{"count":4,"href":"https:\/\/www.medskvz.org\/web\/wp-json\/wp\/v2\/pages\/11660\/revisions"}],"predecessor-version":[{"id":11759,"href":"https:\/\/www.medskvz.org\/web\/wp-json\/wp\/v2\/pages\/11660\/revisions\/11759"}],"wp:attachment":[{"href":"https:\/\/www.medskvz.org\/web\/wp-json\/wp\/v2\/media?parent=11660"}],"curies":[{"name":"wp","href":"https:\/\/api.w.org\/{rel}","templated":true}]}}