{"id":1157,"date":"2011-11-24T09:42:14","date_gmt":"2011-11-24T07:42:14","guid":{"rendered":"http:\/\/www.medskvz.org\/web\/?page_id=1157"},"modified":"2015-12-02T12:42:15","modified_gmt":"2015-12-02T10:42:15","slug":"fizika","status":"publish","type":"page","link":"https:\/\/www.medskvz.org\/web\/fizika\/","title":{"rendered":"FIZIKA 2014\/2015"},"content":{"rendered":"<p>Dragi u\u010denici,<\/p>\n<p>na ovim stranicama mo\u017eete prona\u0107i materijale vezane uz predmet fizika.<\/p>\n<p>&nbsp;<\/p>\n<p><span style=\"background-color: #ffa07a;\">1. razredi<\/span><\/p>\n<p><a href=\"http:\/\/www.medskvz.org\/web\/wp-content\/uploads\/2011\/11\/KINEMATIKA-zadatci-za-vje\u017ebu.doc\">KINEMATIKA<\/a><\/p>\n<p><a href=\"http:\/\/www.medskvz.org\/web\/wp-content\/uploads\/2011\/11\/FLUIDI-zadaci-za-vje\u017ebu1.doc\">FLUIDI<\/a><\/p>\n<p><a href=\"http:\/\/www.medskvz.org\/web\/wp-content\/uploads\/2011\/11\/TRENJE-I-KOLI_INA-GIBANJA.doc\">TRENJE I KOLI\u010cINA GIBANJA<\/a><\/p>\n<p><a href=\"http:\/\/www.medskvz.org\/web\/wp-content\/uploads\/2011\/11\/Referentni-s..docx\">Referentni sustavi-zadaci za vje\u017ebu<\/a><\/p>\n<p>&nbsp;<\/p>\n<p><span style=\"background-color: #33ffcc;\">2. razredi<\/span><\/p>\n<p><a href=\"http:\/\/www.medskvz.org\/web\/wp-content\/uploads\/2011\/11\/TERMODINAMIKA1.doc\">Termodinamika<\/a><\/p>\n<ul>\n<li><span style=\"color:#FF0000;\">2. A, 2.B, 2.C<\/span><\/li>\n<\/ul>\n<p><a href=\"http:\/\/www.medskvz.org\/web\/wp-content\/uploads\/2011\/11\/MAGNETSKE-SILE-2A2B2C.doc\">MAGNETSKE SILE (2A,2B,2C)<\/a><\/p>\n<ul>\n<li><span style=\"color:#0000CD;\">2.D<\/span><\/li>\n<\/ul>\n<p><a href=\"http:\/\/www.medskvz.org\/web\/wp-content\/uploads\/2011\/11\/ELEKTRODINAMIKA-12D.doc\">ELEKTRODINAMIKA (2D)<\/a><\/p>\n<p><a href=\"http:\/\/www.medskvz.org\/web\/wp-content\/uploads\/2011\/11\/2D.doc\">Pripreme za pisanu provjeru<\/a><\/p>\n<p><a href=\"http:\/\/www.medskvz.org\/web\/wp-content\/uploads\/2011\/11\/Transformatori.docx\">Transformatori-zadaci za vje\u017ebu<\/a><\/p>\n<p><a href=\"http:\/\/www.medskvz.org\/web\/wp-content\/uploads\/2011\/11\/Ohmov-zakon-i-zakon-otpora.doc\">Ohmov zakon i zakon otpora<\/a><\/p>\n<p>&nbsp;<\/p>\n<p><span style=\"background-color:#dda0dd;\">3. razredi<\/span><\/p>\n<p><a href=\"http:\/\/www.medskvz.org\/web\/wp-content\/uploads\/2011\/11\/TITRANJE-I-VALOVI-vje\u017ebe.doc\">Titranje i valovi<\/a><\/p>\n<p><a href=\"http:\/\/www.medskvz.org\/web\/wp-content\/uploads\/2011\/11\/GEOMETRIJSKA-OPTIKA1.doc\" style=\"font-size: 13px; line-height: 20.7999992370605px;\">Geometrijska optika<\/a><\/p>\n<p><a href=\"http:\/\/www.medskvz.org\/web\/wp-content\/uploads\/2011\/11\/PITANJA-I-ZADACI-IZ-PODRU268JA-VALNE-OPTIKE.doc\">Valna optika<\/a><\/p>\n","protected":false},"excerpt":{"rendered":"<div class=\"slide-text-bg2\"><span>Dragi u\u010denici, na ovim stranicama mo\u017eete prona\u0107i materijale vezane uz predmet fizika. &nbsp; 1. razredi KINEMATIKA FLUIDI TRENJE I KOLI\u010cINA GIBANJA Ref<\/span><\/div>\n<div class=\"slide-btn-area-sm\"><a href=\"https:\/\/www.medskvz.org\/web\/fizika\/\" class=\"slide-btn-sm\">Pro\u010ditaj vi\u0161e<\/a><\/div>\n","protected":false},"author":12,"featured_media":0,"parent":0,"menu_order":0,"comment_status":"closed","ping_status":"closed","template":"","meta":[],"_links":{"self":[{"href":"https:\/\/www.medskvz.org\/web\/wp-json\/wp\/v2\/pages\/1157"}],"collection":[{"href":"https:\/\/www.medskvz.org\/web\/wp-json\/wp\/v2\/pages"}],"about":[{"href":"https:\/\/www.medskvz.org\/web\/wp-json\/wp\/v2\/types\/page"}],"author":[{"embeddable":true,"href":"https:\/\/www.medskvz.org\/web\/wp-json\/wp\/v2\/users\/12"}],"replies":[{"embeddable":true,"href":"https:\/\/www.medskvz.org\/web\/wp-json\/wp\/v2\/comments?post=1157"}],"version-history":[{"count":51,"href":"https:\/\/www.medskvz.org\/web\/wp-json\/wp\/v2\/pages\/1157\/revisions"}],"predecessor-version":[{"id":5422,"href":"https:\/\/www.medskvz.org\/web\/wp-json\/wp\/v2\/pages\/1157\/revisions\/5422"}],"wp:attachment":[{"href":"https:\/\/www.medskvz.org\/web\/wp-json\/wp\/v2\/media?parent=1157"}],"curies":[{"name":"wp","href":"https:\/\/api.w.org\/{rel}","templated":true}]}}