{"id":10242,"date":"2020-01-28T14:37:03","date_gmt":"2020-01-28T12:37:03","guid":{"rendered":"http:\/\/www.medskvz.org\/web\/?page_id=10242"},"modified":"2026-01-26T11:28:31","modified_gmt":"2026-01-26T09:28:31","slug":"pravo-na-pristup-informacijama","status":"publish","type":"page","link":"https:\/\/www.medskvz.org\/web\/pravo-na-pristup-informacijama\/","title":{"rendered":"Pravo na pristup informacijama"},"content":{"rendered":"\n<h3><strong><em>Slu\u017ebenik za informiranje<\/em><\/strong><\/h3>\n<blockquote>\n<h3>Helena Dev\u010di\u0107, tajnica<\/h3>\n<p>e-mail: <strong><span style=\"color: #3366ff;\">ured@ss-medicinska-vz.skole.hr<\/span><\/strong><\/p>\n<p>telefon:\u00a0 <span style=\"color: #3366ff;\"><strong>042 492 001<\/strong><\/span><\/p>\n<\/blockquote>\n<h4 style=\"text-align: center;\">***<\/h4>\n<h4><strong>Obrasci<\/strong><\/h4>\n<p><strong>_____________<\/strong>__________________________________________________________________________________<\/p>\n<p><strong><a href=\"https:\/\/www.medskvz.org\/web\/wp-content\/uploads\/2021\/12\/Obrazac-2-Zahtjev-za-pristup-informacijama.doc\">Obrazac-2-Zahtjev-za-pristup-informacijama<\/a><\/strong><\/p>\n<p><strong><a href=\"https:\/\/www.medskvz.org\/web\/wp-content\/uploads\/2021\/12\/Obrazac-3-Zahtjev-za-dopunu-ili-ispravak-informacije-1.doc\">Obrazac-3-Zahtjev-za-dopunu-ili-ispravak-informacije-1<\/a><\/strong><\/p>\n<p><strong><a href=\"https:\/\/www.medskvz.org\/web\/wp-content\/uploads\/2021\/12\/Obrazac-4-Zahtjev-za-ponovnu-uporabu-informacija-1.doc\">Obrazac-4-Zahtjev-za-ponovnu-uporabu-informacija-1<\/a><\/strong><\/p>\n<p style=\"text-align: center;\">\u00a0<\/p>\n<h4><strong>Izvje\u0161\u0107a<\/strong><\/h4>\n<p style=\"text-align: left;\">__________________________________________________________________________________________________<\/p>\n<ul>\n<li><span style=\"color: #ff0000;\"><strong><a style=\"color: #ff0000;\" href=\"https:\/\/www.medskvz.org\/web\/wp-content\/uploads\/2021\/06\/Godisnje_izvjesce_2020.pdf\">Izvjesce_za 2020 godinu<\/a><\/strong><\/span><\/li>\n<li><span style=\"color: #ff0000;\"><strong><a style=\"color: #ff0000;\" href=\"https:\/\/www.medskvz.org\/web\/wp-content\/uploads\/2022\/01\/Godisnje-izvjesce-o-provedbi-ZPPI-za-2021.-godinu.pdf\">Izvje\u0161\u0107e o provedbi ZPPI za 2021. godinu<\/a><\/strong><\/span><\/li>\n<li><strong><a href=\"https:\/\/www.medskvz.org\/web\/wp-content\/uploads\/2023\/01\/Godisnje-izvjesce-o-provedbi-ZPPI-za-2022.-godinu.pdf\">Izvje\u0161\u0107e o provedbi ZPPI za 2022. godinu<\/a><\/strong><\/li>\n<li><strong><a href=\"https:\/\/www.medskvz.org\/web\/wp-content\/uploads\/2024\/01\/Izvjesce-o-provedbi-ZPPI-za-2023.-godinu.pdf\">Izvje\u0161\u0107e o provedbi ZPPI za 2023. godinu<\/a><\/strong><\/li>\n<li><strong><a href=\"https:\/\/www.medskvz.org\/web\/wp-content\/uploads\/2025\/01\/Izvjesce-o-provedbi-ZPPI-za-2024.-godinu.pdf\">Izvje\u0161\u0107e o provedbi ZPPI za 2024. godinu<\/a><\/strong><\/li>\n<li><strong><a href=\"https:\/\/www.medskvz.org\/web\/wp-content\/uploads\/2026\/01\/Izvjesce-o-provedbi-ZPPI-za-2025.-godinu.pdf\">Izvje\u0161\u0107e o provedbi ZPPI za 2025. godinu<\/a><\/strong><\/li>\n<\/ul>\n<p>\u00a0<\/p>\n<p style=\"text-align: center;\">***<\/p>\n<p style=\"text-align: center;\">\u00a0<\/p>\n","protected":false},"excerpt":{"rendered":"<div class=\"slide-text-bg2\"><span>Slu\u017ebenik za informiranje Helena Dev\u010di\u0107, tajnica e-mail: ured@ss-medicinska-vz.skole.hr telefon:\u00a0 042 492 001 *** Obrasci _____________________________<\/span><\/div>\n<div class=\"slide-btn-area-sm\"><a href=\"https:\/\/www.medskvz.org\/web\/pravo-na-pristup-informacijama\/\" class=\"slide-btn-sm\">Pro\u010ditaj vi\u0161e<\/a><\/div>\n","protected":false},"author":11,"featured_media":0,"parent":0,"menu_order":0,"comment_status":"closed","ping_status":"closed","template":"","meta":[],"_links":{"self":[{"href":"https:\/\/www.medskvz.org\/web\/wp-json\/wp\/v2\/pages\/10242"}],"collection":[{"href":"https:\/\/www.medskvz.org\/web\/wp-json\/wp\/v2\/pages"}],"about":[{"href":"https:\/\/www.medskvz.org\/web\/wp-json\/wp\/v2\/types\/page"}],"author":[{"embeddable":true,"href":"https:\/\/www.medskvz.org\/web\/wp-json\/wp\/v2\/users\/11"}],"replies":[{"embeddable":true,"href":"https:\/\/www.medskvz.org\/web\/wp-json\/wp\/v2\/comments?post=10242"}],"version-history":[{"count":26,"href":"https:\/\/www.medskvz.org\/web\/wp-json\/wp\/v2\/pages\/10242\/revisions"}],"predecessor-version":[{"id":18307,"href":"https:\/\/www.medskvz.org\/web\/wp-json\/wp\/v2\/pages\/10242\/revisions\/18307"}],"wp:attachment":[{"href":"https:\/\/www.medskvz.org\/web\/wp-json\/wp\/v2\/media?parent=10242"}],"curies":[{"name":"wp","href":"https:\/\/api.w.org\/{rel}","templated":true}]}}